{"id":19,"date":"2018-08-07T14:10:37","date_gmt":"2018-08-07T14:10:37","guid":{"rendered":"http:\/\/localhost\/yootheme_pro\/2018\/vista\/Website_WP\/index.php\/home\/"},"modified":"2026-04-21T00:21:32","modified_gmt":"2026-04-21T00:21:32","slug":"home","status":"publish","type":"page","link":"https:\/\/fuseepolls.site\/","title":{"rendered":"Home"},"content":{"rendered":"<p>Bienvenido a Fusee<\/p>\n<p>Lorem ipsum dolor sit amet, consetetur sadipscing elitr, sed diam nonumy eirmod tempor invidunt ut labore et dolore magna aliquyam erat, sed diam voluptua. Lorem ipsum dolor sit amet.<\/p>\n<p>VER M\u00c1S<\/p>\n<p>Obt\u00e9n una Visi\u00f3n Global de Tus Proyectos<\/p>\n<p>Lorem ipsum dolor sit amet, consetetur sadipscing elitr, sed diam nonumy eirmod tempor invidunt ut labore et dolore magna aliquyam erat, sed diam voluptua. Lorem ipsum dolor sit.<\/p>\n<p>Saber M\u00e1s<\/p>\n<p>Comparta Reportes Con Sus Contactos<\/p>\n<p>Lorem ipsum dolor sit amet, consetetur sadipscing elitr, sed diam nonumy eirmod tempor invidunt ut labore et dolore magna aliquyam erat, sed diam voluptua. Lorem ipsum dolor sit.<\/p>\n<p>Saber M\u00e1s<\/p>\n<p>Beneficios de Extensiones y Plugins<\/p>\n<p>Lorem ipsum dolor sit amet, consetetur sadipscing elitr, sed diam nonumy eirmod tempor invidunt ut labore et dolore magna aliquyam erat, sed diam voluptua. Lorem ipsum dolor sit.<\/p>\n<p>Ver Extensiones<\/p>\n<p>Ver Plugins<\/p>\n<p>Fusee Es Una Manera Simple de Manejar Tus Proyectos<\/p>\n<p>Monthly paymentMinimum term 6 months<\/p>\n<p> Access to Video Courses<br \/>\n Access for Two Devices<br \/>\n 30-Days Free Trial<br \/>\n Unlimited Projects<\/p>\n<p>Monthly payment Minimum term 6 months<\/p>\n<p>         Access to Video Courses<br \/>\n         Access for Two Devices<br \/>\n          30-Days Free Trial<br \/>\n          Unlimited Projects<\/p>\n<p>Monthly payment Minimum term 6 months<\/p>\n<p>         Access to Video Courses<br \/>\n         Access for Two Devices<br \/>\n          30-Days Free Trial<br \/>\n          Unlimited Projects<\/p>\n<p>Lorem ipsum dolor sit amet, consetetur sadipscing elitr, sed diam nonumy eirmod tempor invidunt ut labore et dolore.<\/p>\n<p>Lorem ipsum dolor sit amet, consetetur sadipscing elitr, sed diam nonumy eirmod tempor invidunt ut labore et dolore.<\/p>\n<p><!-- {\"name\":\"Home\",\"type\":\"layout\",\"children\":[{\"name\":\"Hero\",\"type\":\"section\",\"props\":{\"style\":\"default\",\"width\":\"default\",\"vertical_align\":\"middle\",\"title_position\":\"top-left\",\"title_rotation\":\"left\",\"title_breakpoint\":\"xl\",\"image_position\":\"bottom-center\",\"image\":\"wp-content\\\/uploads\\\/home-hero-bg.svg\",\"header_transparent\":\"light\",\"header_transparent_noplaceholder\":true,\"height\":\"\",\"image_size\":\"cover\",\"image_width\":\"\",\"image_height\":\"\",\"animation\":\"slide-bottom-medium\",\"padding\":\"xlarge\",\"overlap\":false,\"media_background\":null,\"image_effect\":\"\",\"image_parallax_bgy_start\":170,\"title\":\"\",\"css\":\"\",\"padding_remove_bottom\":true,\"animation_delay\":true,\"text_color\":\"\",\"width_expand\":\"\"},\"children\":[{\"name\":\"\",\"type\":\"row\",\"props\":{\"fixed_width\":\"large\",\"breakpoint\":\"m\",\"layout\":\"1-1\",\"margin\":\"medium\",\"gutter\":\"\",\"vertical_align\":false,\"margin_remove_bottom\":true,\"margin_remove_top\":false},\"children\":[{\"name\":\"\",\"type\":\"column\",\"props\":{\"widths\":[\"1-1\"],\"image_position\":\"bottom-right\",\"text_color\":\"light\",\"image\":\"\",\"image_width\":\"220\",\"image_height\":\"220\",\"css\":\"\",\"image_effect\":\"\",\"image_parallax_bgy_start\":230},\"children\":[{\"name\":\"\",\"type\":\"headline\",\"props\":{\"title_element\":\"h1\",\"content\":\"Bienvenido a Fusee\",\"text_align\":\"center\",\"title_style\":\"heading-primary\",\"title_color\":\"\",\"margin\":\"\",\"title_decoration\":\"\",\"text_align_breakpoint\":\"\",\"text_align_fallback\":\"\",\"maxwidth\":\"\",\"maxwidth_align\":\"\",\"maxwidth_breakpoint\":\"\",\"animation\":\"\",\"visibility\":\"\"}},{\"name\":\"\",\"type\":\"text\",\"props\":{\"margin\":\"medium\",\"column_breakpoint\":\"m\",\"text_align\":\"center\",\"maxwidth\":\"xxlarge\",\"maxwidth_align\":\"center\",\"content\":\"Lorem ipsum dolor sit amet, consetetur sadipscing elitr, sed diam nonumy eirmod tempor invidunt ut labore et dolore magna aliquyam erat, sed diam voluptua. Lorem ipsum dolor sit amet.\",\"text_color\":\"\"}},{\"name\":\"\",\"type\":\"button\",\"props\":{\"gutter\":\"small\",\"margin\":\"default\",\"button_size\":\"large\",\"fullwidth\":false,\"text_align\":\"center\",\"text_align_breakpoint\":\"\",\"text_align_fallback\":\"\",\"maxwidth\":\"\",\"maxwidth_align\":\"\",\"maxwidth_breakpoint\":\"\",\"animation\":\"\",\"visibility\":\"\"},\"children\":[{\"name\":\"\",\"type\":\"button_item\",\"props\":{\"button_style\":\"primary\",\"icon_align\":\"left\",\"content\":\"VER M\\u00c1S\",\"link\":\"#features\",\"link_target\":\"\"}}]},{\"name\":\"\",\"type\":\"image\",\"props\":{\"margin\":\"large\",\"image\":\"wp-content\\\/uploads\\\/home-hero.jpg\",\"margin_remove_top\":false,\"image_box_shadow_bottom\":false,\"text_align\":\"center\",\"text_align_breakpoint\":\"\",\"text_align_fallback\":\"center\",\"maxwidth\":\"\",\"image_width\":\"1100\",\"image_height\":\"\",\"image_border\":\"rounded\",\"image_box_shadow\":\"medium\"}}]}]}]},{\"name\":\"features\",\"type\":\"section\",\"props\":{\"style\":\"default\",\"width\":\"default\",\"vertical_align\":\"middle\",\"title_position\":\"top-left\",\"title_rotation\":\"left\",\"title_breakpoint\":\"xl\",\"image_position\":\"center-center\",\"padding\":\"xlarge\",\"height\":\"\",\"padding_remove_top\":false,\"animation\":\"slide-bottom\",\"animation_delay\":true,\"id\":\"features\"},\"children\":[{\"name\":\"\",\"type\":\"row\",\"props\":{\"fixed_width\":\"large\",\"breakpoint\":\"m\",\"layout\":\",\",\"vertical_align\":true,\"gutter\":\"large\",\"width\":\"default\",\"margin\":\"\",\"height\":\"\"},\"children\":[{\"name\":\"\",\"type\":\"column\",\"props\":{\"widths\":[\"\"],\"image_position\":\"center-left\",\"image\":\"wp-content\\\/uploads\\\/home-features-bg-01.svg\",\"image_width\":\"330\",\"image_height\":\"330\",\"image_effect\":\"parallax\",\"image_parallax_bgy_start\":170,\"image_parallax_bgy_end\":0,\"image_parallax_breakpoint\":\"\",\"image_visibility\":\"m\",\"vertical_align\":\"middle\",\"style\":\"\",\"text_color\":\"\",\"padding\":\"\"},\"children\":[{\"name\":\"\",\"type\":\"image\",\"props\":{\"margin\":\"default\",\"image\":\"wp-content\\\/uploads\\\/home-features-01.png\",\"image_width\":\"620\",\"image_height\":\"\",\"image_inline_svg\":false,\"text_align\":\"center\",\"maxwidth\":\"\"}}]},{\"name\":\"\",\"type\":\"column\",\"props\":{\"widths\":[\"\"],\"image_position\":\"center-left\",\"image\":\"\",\"image_width\":\"200\",\"image_height\":\"200\",\"image_effect\":\"parallax\",\"image_parallax_bgx_start\":-140,\"vertical_align\":\"middle\",\"style\":\"\",\"text_color\":\"\",\"padding\":\"\"},\"children\":[{\"name\":\"\",\"type\":\"headline\",\"props\":{\"title_element\":\"h2\",\"content\":\"Obt\\u00e9n una Visi\\u00f3n Global de Tus Proyectos\",\"title_color\":\"\",\"text_align\":\"left\",\"text_align_breakpoint\":\"m\",\"text_align_fallback\":\"center\",\"animation\":\"\",\"maxwidth\":\"xlarge\",\"maxwidth_align\":\"center\",\"maxwidth_breakpoint\":\"s\",\"title_style\":\"h1\",\"title_decoration\":\"\",\"margin\":\"\",\"visibility\":\"\"}},{\"name\":\"\",\"type\":\"text\",\"props\":{\"margin\":\"medium\",\"column_breakpoint\":\"m\",\"content\":\"Lorem ipsum dolor sit amet, consetetur sadipscing elitr, sed diam nonumy eirmod tempor invidunt ut labore et dolore magna aliquyam erat, sed diam voluptua. Lorem ipsum dolor sit.\",\"text_align\":\"left\",\"text_align_breakpoint\":\"m\",\"text_align_fallback\":\"center\",\"maxwidth\":\"xlarge\",\"maxwidth_align\":\"center\"}},{\"name\":\"\",\"type\":\"button\",\"props\":{\"gutter\":\"\",\"margin\":\"large\",\"button_size\":\"\",\"text_align\":\"left\",\"text_align_breakpoint\":\"m\",\"text_align_fallback\":\"center\",\"maxwidth\":\"xlarge\",\"maxwidth_align\":\"center\",\"maxwidth_breakpoint\":\"\",\"animation\":\"\",\"visibility\":\"\"},\"children\":[{\"name\":\"\",\"type\":\"button_item\",\"props\":{\"button_style\":\"primary\",\"icon_align\":\"left\",\"content\":\"Saber M\\u00e1s\",\"link\":\"index.php?page_id=20\",\"link_target\":\"\"}}]}]}]},{\"name\":\"\",\"type\":\"row\",\"props\":{\"fixed_width\":\"large\",\"breakpoint\":\"m\",\"layout\":\",\",\"vertical_align\":true,\"gutter\":\"large\",\"width\":\"default\",\"margin\":\"xlarge\",\"order_last\":true,\"height\":\"\"},\"children\":[{\"name\":\"\",\"type\":\"column\",\"props\":{\"widths\":[\"\"],\"image_position\":\"center-center\",\"vertical_align\":\"middle\",\"style\":\"\",\"text_color\":\"\",\"padding\":\"\"},\"children\":[{\"name\":\"\",\"type\":\"image\",\"props\":{\"margin\":\"default\",\"image\":\"wp-content\\\/uploads\\\/home-features-02.png\",\"text_align\":\"center\",\"image_width\":\"620\"}}]},{\"name\":\"\",\"type\":\"column\",\"props\":{\"widths\":[\"\"],\"image_position\":\"center-center\",\"vertical_align\":\"middle\",\"style\":\"\",\"text_color\":\"\",\"padding\":\"\"},\"children\":[{\"name\":\"\",\"type\":\"headline\",\"props\":{\"title_element\":\"h2\",\"content\":\"Comparta Reportes Con Sus Contactos\",\"title_color\":\"\",\"text_align\":\"left\",\"text_align_breakpoint\":\"m\",\"text_align_fallback\":\"center\",\"maxwidth\":\"xlarge\",\"maxwidth_align\":\"center\",\"title_style\":\"h1\",\"title_decoration\":\"\",\"maxwidth_breakpoint\":\"\",\"margin\":\"\",\"animation\":\"\",\"visibility\":\"\"}},{\"name\":\"\",\"type\":\"text\",\"props\":{\"margin\":\"medium\",\"column_breakpoint\":\"m\",\"content\":\"Lorem ipsum dolor sit amet, consetetur sadipscing elitr, sed diam nonumy eirmod tempor invidunt ut labore et dolore magna aliquyam erat, sed diam voluptua. Lorem ipsum dolor sit.\",\"text_align\":\"left\",\"text_align_breakpoint\":\"m\",\"text_align_fallback\":\"center\",\"maxwidth\":\"xlarge\",\"maxwidth_align\":\"center\"}},{\"name\":\"\",\"type\":\"button\",\"props\":{\"gutter\":\"\",\"margin\":\"large\",\"button_size\":\"\",\"text_align\":\"left\",\"text_align_breakpoint\":\"m\",\"text_align_fallback\":\"center\",\"maxwidth\":\"xlarge\",\"maxwidth_align\":\"center\",\"maxwidth_breakpoint\":\"\",\"animation\":\"\",\"visibility\":\"\"},\"children\":[{\"name\":\"\",\"type\":\"button_item\",\"props\":{\"button_style\":\"primary\",\"icon_align\":\"left\",\"content\":\"Saber M\\u00e1s\",\"link\":\"index.php?page_id=20\",\"link_target\":\"\"}}]}]}]},{\"name\":\"\",\"type\":\"row\",\"props\":{\"fixed_width\":\"large\",\"breakpoint\":\"m\",\"layout\":\",\",\"vertical_align\":true,\"gutter\":\"large\",\"width\":\"default\",\"margin\":\"xlarge\",\"margin_remove_top\":false,\"match\":false,\"height\":\"\"},\"children\":[{\"name\":\"\",\"type\":\"column\",\"props\":{\"widths\":[\"\"],\"image_position\":\"top-left\",\"image\":\"wp-content\\\/uploads\\\/home-features-bg-02.svg\",\"image_width\":\"410\",\"image_height\":\"410\",\"image_effect\":\"parallax\",\"image_parallax_bgx_start\":\"\",\"image_parallax_bgy_start\":0,\"image_parallax_bgy_end\":30,\"image_visibility\":\"m\",\"vertical_align\":\"middle\",\"style\":\"\",\"text_color\":\"\",\"padding\":\"\"},\"children\":[{\"name\":\"\",\"type\":\"image\",\"props\":{\"margin\":\"default\",\"image\":\"wp-content\\\/uploads\\\/home-features-03.svg\",\"animation\":\"fade\",\"text_align\":\"center\",\"image_width\":\"620\"}}]},{\"name\":\"\",\"type\":\"column\",\"props\":{\"widths\":[\"\"],\"image_position\":\"center-center\",\"vertical_align\":\"middle\",\"style\":\"\",\"text_color\":\"\",\"padding\":\"\"},\"children\":[{\"name\":\"\",\"type\":\"headline\",\"props\":{\"title_element\":\"h2\",\"content\":\"Beneficios de Extensiones y Plugins\",\"title_color\":\"\",\"text_align\":\"left\",\"text_align_breakpoint\":\"m\",\"text_align_fallback\":\"center\",\"maxwidth\":\"xlarge\",\"maxwidth_align\":\"center\",\"title_style\":\"h1\",\"title_decoration\":\"\",\"maxwidth_breakpoint\":\"\",\"margin\":\"\",\"animation\":\"\",\"visibility\":\"\"}},{\"name\":\"\",\"type\":\"text\",\"props\":{\"margin\":\"medium\",\"column_breakpoint\":\"m\",\"content\":\"Lorem ipsum dolor sit amet, consetetur sadipscing elitr, sed diam nonumy eirmod tempor invidunt ut labore et dolore magna aliquyam erat, sed diam voluptua. Lorem ipsum dolor sit.\",\"text_align\":\"left\",\"text_align_breakpoint\":\"m\",\"text_align_fallback\":\"center\",\"maxwidth\":\"xlarge\",\"maxwidth_align\":\"center\"}},{\"name\":\"\",\"type\":\"button\",\"props\":{\"gutter\":\"\",\"margin\":\"large\",\"button_size\":\"\",\"text_align\":\"left\",\"text_align_breakpoint\":\"m\",\"text_align_fallback\":\"center\",\"maxwidth\":\"xlarge\",\"maxwidth_align\":\"center\",\"maxwidth_breakpoint\":\"\",\"animation\":\"\",\"visibility\":\"\"},\"children\":[{\"name\":\"\",\"type\":\"button_item\",\"props\":{\"button_style\":\"secondary\",\"icon_align\":\"left\",\"content\":\"Ver Extensiones\",\"link\":\"index.php?page_id=22\",\"link_target\":\"\"}},{\"name\":\"\",\"type\":\"button_item\",\"props\":{\"button_style\":\"primary\",\"icon_align\":\"left\",\"content\":\"Ver Plugins\",\"link\":\"index.php?page_id=22#cyo\",\"link_target\":\"\"}}]}]}]}]},{\"name\":\"pricing\",\"type\":\"section\",\"props\":{\"style\":\"default\",\"width\":\"default\",\"vertical_align\":\"middle\",\"title_position\":\"top-left\",\"title_rotation\":\"left\",\"title_breakpoint\":\"xl\",\"image_position\":\"top-right\",\"image\":\"wp-content\\\/uploads\\\/home-pricing-bg.svg\",\"image_width\":\"570\",\"image_height\":\"525\",\"image_effect\":\"parallax\",\"image_parallax_bgx_start\":\"\",\"image_parallax_bgy_start\":220,\"image_parallax_bgy_end\":-70,\"animation\":\"slide-bottom-small\",\"animation_delay\":true},\"children\":[{\"name\":\"\",\"type\":\"row\",\"props\":{\"fixed_width\":\"large\",\"breakpoint\":\"m\",\"layout\":\"1-1\",\"width\":\"default\",\"margin\":\"xlarge\",\"margin_remove_top\":false},\"children\":[{\"name\":\"\",\"type\":\"column\",\"props\":{\"widths\":[\"1-1\"],\"image_position\":\"center-center\"},\"children\":[{\"name\":\"\",\"type\":\"headline\",\"props\":{\"title_element\":\"h2\",\"content\":\"Fusee Es Una Manera Simple de Manejar Tus Proyectos\",\"text_align\":\"center\",\"maxwidth\":\"xxlarge\",\"maxwidth_align\":\"center\",\"title_style\":\"h1\",\"title_decoration\":\"\",\"title_color\":\"\",\"text_align_breakpoint\":\"\",\"text_align_fallback\":\"\",\"maxwidth_breakpoint\":\"\",\"margin\":\"\",\"animation\":\"\",\"visibility\":\"\"}}]}]},{\"name\":\"\",\"type\":\"row\",\"props\":{\"fixed_width\":\"large\",\"breakpoint\":\"m\",\"layout\":\",,\"},\"children\":[{\"name\":\"\",\"type\":\"column\",\"props\":{\"widths\":[\"\"],\"image_position\":\"center-center\"},\"children\":[{\"name\":\"\",\"type\":\"panel\",\"props\":{\"link_text\":\"Comprar\",\"title_element\":\"h3\",\"meta_style\":\"h4\",\"meta_align\":\"top\",\"icon_ratio\":4,\"image_align\":\"top\",\"image_grid_width\":\"1-2\",\"image_breakpoint\":\"m\",\"link_style\":\"secondary\",\"margin\":\"default\",\"panel_style\":\"card-default\",\"panel_size\":\"large\",\"title\":\"0<span class=\\\"tm-pricing\\\">\\u20ac<\\\/span>\",\"meta\":\"Free\",\"content\":\"\n\n<p>Monthly payment<br \\\/>Minimum term 6 months<\\\/p>\\n\n\n<div class=\\\"uk-margin-medium\\\">\\n\n\n<ul class=\\\"uk-list\\\">\\n\n\n<li><img class=\\\"uk-margin-small-right uk-text-primary\\\" src=\\\"wp-content\\\/uploads\\\/pricing-check.svg\\\" uk-svg=\\\"\\\" \\\/> Access to Video Courses<\\\/li>\\n\n\n<li><img class=\\\"uk-margin-small-right uk-text-primary\\\" src=\\\"wp-content\\\/uploads\\\/pricing-check.svg\\\" uk-svg=\\\"\\\" \\\/> Access for Two Devices<\\\/li>\\n\n\n<li><img class=\\\"uk-margin-small-right uk-text-danger\\\" src=\\\"wp-content\\\/uploads\\\/pricing-cross.svg\\\" uk-svg=\\\"\\\" \\\/> 30-Days Free Trial<\\\/li>\\n\n\n<li><img class=\\\"uk-margin-small-right uk-text-danger\\\" src=\\\"wp-content\\\/uploads\\\/pricing-cross.svg\\\" uk-svg=\\\"\\\" \\\/> Unlimited Projects<\\\/li>\\n<\\\/ul>\\n<\\\/div>\",\"link_target\":false,\"link\":\"index.php?page_id=23\",\"title_style\":\"heading-hero\",\"css\":\".tm-pricing {\\n    font-size: 30px;\\n    vertical-align: top;\\n}\",\"link_size\":\"large\",\"maxwidth\":\"large\",\"maxwidth_align\":\"center\",\"text_align\":\"left\",\"text_align_breakpoint\":\"m\",\"text_align_fallback\":\"center\",\"title_decoration\":\"\",\"title_color\":\"\",\"meta_color\":\"\",\"meta_margin\":\"\",\"content_style\":\"\",\"image_border\":\"\",\"image_box_shadow\":\"\",\"image_hover_box_shadow\":\"\",\"image_box_decoration\":\"\",\"icon_color\":\"\",\"image_gutter\":\"\",\"maxwidth_breakpoint\":\"\",\"animation\":\"\",\"visibility\":\"\"}}]},{\"name\":\"\",\"type\":\"column\",\"props\":{\"widths\":[\"\"],\"image_position\":\"center-center\"},\"children\":[{\"name\":\"\",\"type\":\"panel\",\"props\":{\"link_text\":\"Comprar\",\"title_element\":\"h3\",\"meta_style\":\"h4\",\"meta_align\":\"top\",\"icon_ratio\":4,\"image_align\":\"top\",\"image_grid_width\":\"1-2\",\"image_breakpoint\":\"m\",\"link_style\":\"primary\",\"margin\":\"default\",\"panel_style\":\"card-default\",\"panel_size\":\"large\",\"title\":\"12<span class=\\\"tm-pricing\\\">\\u20ac<\\\/span>\",\"meta\":\"Standard\",\"content\":\"\n\n<p>Monthly payment<br \/> Minimum term 6 months<\\\/p>\\n\\n\n\n<div class=\\\"uk-margin-medium\\\">\\n    \n\n<ul class=\\\"uk-list\\\">\\n        \n\n<li><img class=\\\"uk-margin-small-right uk-text-primary\\\" src=\\\"wp-content\\\/uploads\\\/pricing-check.svg\\\" uk-svg> Access to Video Courses<\\\/li>\\n        \n\n<li><img class=\\\"uk-margin-small-right uk-text-primary\\\" src=\\\"wp-content\\\/uploads\\\/pricing-check.svg\\\" uk-svg> Access for Two Devices<\\\/li>\\n        \n\n<li> <img class=\\\"uk-margin-small-right uk-text-primary\\\" src=\\\"wp-content\\\/uploads\\\/pricing-check.svg\\\" uk-svg> 30-Days Free Trial<\\\/li>\\n        \n\n<li> <img class=\\\"uk-margin-small-right uk-text-danger\\\" src=\\\"wp-content\\\/uploads\\\/pricing-cross.svg\\\" uk-svg> Unlimited Projects<\\\/li>\\n    <\\\/ul>\\n<\\\/div>\",\"link_target\":false,\"link\":\"index.php?page_id=23\",\"title_style\":\"heading-hero\",\"css\":\".tm-pricing {\\n    font-size: 30px;\\n    vertical-align: top;\\n}\",\"link_size\":\"large\",\"maxwidth\":\"large\",\"maxwidth_align\":\"center\",\"text_align\":\"left\",\"text_align_breakpoint\":\"m\",\"text_align_fallback\":\"center\",\"title_decoration\":\"\",\"title_color\":\"\",\"meta_color\":\"\",\"meta_margin\":\"\",\"content_style\":\"\",\"image_border\":\"\",\"image_box_shadow\":\"\",\"image_hover_box_shadow\":\"\",\"image_box_decoration\":\"\",\"icon_color\":\"\",\"image_gutter\":\"\",\"maxwidth_breakpoint\":\"\",\"animation\":\"\",\"visibility\":\"\"}}]},{\"name\":\"\",\"type\":\"column\",\"props\":{\"widths\":[\"\"],\"image_position\":\"center-center\",\"image\":\"\"},\"children\":[{\"name\":\"\",\"type\":\"panel\",\"props\":{\"link_text\":\"Comprar\",\"title_element\":\"h3\",\"meta_style\":\"h4\",\"meta_align\":\"top\",\"icon_ratio\":4,\"image_align\":\"top\",\"image_grid_width\":\"1-2\",\"image_breakpoint\":\"m\",\"link_style\":\"primary\",\"margin\":\"default\",\"panel_style\":\"card-default\",\"panel_size\":\"large\",\"title\":\"49<span class=\\\"tm-pricing\\\">\\u20ac<\\\/span>\",\"meta\":\"Advanced\",\"content\":\"\n\n<p>Monthly payment<br \/> Minimum term 6 months<\\\/p>\\n\\n\n\n<div class=\\\"uk-margin-medium\\\">\\n    \n\n<ul class=\\\"uk-list\\\">\\n        \n\n<li><img class=\\\"uk-margin-small-right uk-text-primary\\\" src=\\\"wp-content\\\/uploads\\\/pricing-check.svg\\\" uk-svg> Access to Video Courses<\\\/li>\\n        \n\n<li><img class=\\\"uk-margin-small-right uk-text-primary\\\" src=\\\"wp-content\\\/uploads\\\/pricing-check.svg\\\" uk-svg> Access for Two Devices<\\\/li>\\n        \n\n<li> <img class=\\\"uk-margin-small-right uk-text-primary\\\" src=\\\"wp-content\\\/uploads\\\/pricing-check.svg\\\" uk-svg> 30-Days Free Trial<\\\/li>\\n        \n\n<li> <img class=\\\"uk-margin-small-right uk-text-primary\\\" src=\\\"wp-content\\\/uploads\\\/pricing-check.svg\\\" uk-svg> Unlimited Projects<\\\/li>\\n    <\\\/ul>\\n<\\\/div>\",\"link_target\":false,\"link\":\"index.php?page_id=23\",\"title_style\":\"heading-hero\",\"css\":\".tm-pricing {\\n    font-size: 30px;\\n    vertical-align: top;\\n}\",\"link_size\":\"large\",\"maxwidth\":\"large\",\"maxwidth_align\":\"center\",\"text_align\":\"left\",\"text_align_breakpoint\":\"m\",\"text_align_fallback\":\"center\",\"title_decoration\":\"\",\"title_color\":\"\",\"meta_color\":\"\",\"meta_margin\":\"\",\"content_style\":\"\",\"image_border\":\"\",\"image_box_shadow\":\"\",\"image_hover_box_shadow\":\"\",\"image_box_decoration\":\"\",\"icon_color\":\"\",\"image_gutter\":\"\",\"maxwidth_breakpoint\":\"\",\"animation\":\"\",\"visibility\":\"\"}}]}]}]},{\"name\":\"CTA\",\"type\":\"section\",\"props\":{\"style\":\"default\",\"width\":\"default\",\"vertical_align\":\"middle\",\"title_position\":\"top-left\",\"title_rotation\":\"left\",\"title_breakpoint\":\"xl\",\"image_position\":\"center-center\"},\"children\":[{\"name\":\"\",\"type\":\"row\",\"props\":{\"fixed_width\":\"large\",\"breakpoint\":\"m\",\"layout\":\"1-1\"},\"children\":[{\"name\":\"\",\"type\":\"column\",\"props\":{\"widths\":[\"1-1\"],\"image_position\":\"center-center\"},\"children\":[{\"name\":\"\",\"type\":\"grid\",\"props\":{\"show_title\":true,\"show_meta\":true,\"show_content\":true,\"show_image\":true,\"show_link\":true,\"grid_default\":\"1\",\"grid_medium\":\"2\",\"filter_style\":\"tab\",\"filter_all\":true,\"filter_position\":\"top\",\"filter_align\":\"left\",\"filter_grid_width\":\"auto\",\"filter_breakpoint\":\"m\",\"title_element\":\"h3\",\"meta_style\":\"meta\",\"meta_align\":\"bottom\",\"icon_ratio\":4,\"image_align\":\"left\",\"image_grid_width\":\"auto\",\"image_breakpoint\":\"m\",\"link_text\":\"Saber m\\u00e1s\",\"link_style\":\"text\",\"margin\":\"default\",\"image_gutter\":\"medium\",\"image_width\":\"42\",\"image_height\":\"42\",\"link_size\":\"\",\"gutter\":\"large\",\"divider\":false,\"grid_small\":\"\",\"text_align\":\"left\",\"text_align_breakpoint\":\"m\",\"text_align_fallback\":\"center\",\"item_maxwidth\":\"xlarge\",\"grid_large\":\"\",\"grid_xlarge\":\"\",\"filter_margin\":\"\",\"filter_gutter\":\"\",\"title_display\":\"\",\"content_display\":\"\",\"panel_style\":\"\",\"panel_size\":\"\",\"title_style\":\"\",\"title_decoration\":\"\",\"title_color\":\"\",\"meta_color\":\"\",\"meta_margin\":\"\",\"content_style\":\"\",\"image_border\":\"\",\"image_box_shadow\":\"\",\"image_hover_box_shadow\":\"\",\"image_box_decoration\":\"\",\"icon_color\":\"\",\"maxwidth\":\"\",\"maxwidth_align\":\"\",\"maxwidth_breakpoint\":\"\",\"item_animation\":\"\",\"visibility\":\"\"},\"children\":[{\"name\":\"\",\"type\":\"grid_item\",\"props\":{\"image\":\"wp-content\\\/uploads\\\/home-pricing-check.svg\",\"title\":\"\\u00bfDeseas Unirte?\",\"meta\":\"\",\"content\":\"Lorem ipsum dolor sit amet, consetetur sadipscing elitr, sed diam nonumy eirmod tempor invidunt ut labore et dolore.\",\"link\":\"#\"}},{\"name\":\"\",\"type\":\"grid_item\",\"props\":{\"image\":\"wp-content\\\/uploads\\\/home-pricing-check.svg\",\"title\":\"\\u00bfRequieres Soporte?\",\"meta\":\"\",\"content\":\"Lorem ipsum dolor sit amet, consetetur sadipscing elitr, sed diam nonumy eirmod tempor invidunt ut labore et dolore.\",\"link\":\"index.php?page_id=24#team\"}}]}]}]}]}]} --><\/p>\n","protected":false},"excerpt":{"rendered":"<p>Bienvenido a Fusee Lorem ipsum dolor sit amet, consetetur sadipscing elitr, sed diam nonumy eirmod tempor invidunt ut labore et dolore magna aliquyam erat, sed diam voluptua. Lorem ipsum dolor sit amet. VER M\u00c1S Obt\u00e9n una Visi\u00f3n Global de Tus Proyectos Lorem ipsum dolor sit amet, consetetur sadipscing elitr, sed diam nonumy eirmod tempor invidunt [&hellip;]<\/p>\n","protected":false},"author":1,"featured_media":0,"parent":0,"menu_order":5,"comment_status":"closed","ping_status":"closed","template":"","meta":{"footnotes":""},"class_list":["post-19","page","type-page","status-publish","hentry"],"_links":{"self":[{"href":"https:\/\/fuseepolls.site\/index.php?rest_route=\/wp\/v2\/pages\/19","targetHints":{"allow":["GET"]}}],"collection":[{"href":"https:\/\/fuseepolls.site\/index.php?rest_route=\/wp\/v2\/pages"}],"about":[{"href":"https:\/\/fuseepolls.site\/index.php?rest_route=\/wp\/v2\/types\/page"}],"author":[{"embeddable":true,"href":"https:\/\/fuseepolls.site\/index.php?rest_route=\/wp\/v2\/users\/1"}],"replies":[{"embeddable":true,"href":"https:\/\/fuseepolls.site\/index.php?rest_route=%2Fwp%2Fv2%2Fcomments&post=19"}],"version-history":[{"count":13,"href":"https:\/\/fuseepolls.site\/index.php?rest_route=\/wp\/v2\/pages\/19\/revisions"}],"predecessor-version":[{"id":158,"href":"https:\/\/fuseepolls.site\/index.php?rest_route=\/wp\/v2\/pages\/19\/revisions\/158"}],"wp:attachment":[{"href":"https:\/\/fuseepolls.site\/index.php?rest_route=%2Fwp%2Fv2%2Fmedia&parent=19"}],"curies":[{"name":"wp","href":"https:\/\/api.w.org\/{rel}","templated":true}]}}